{"id":18,"date":"2016-09-12T07:35:17","date_gmt":"2016-09-12T07:35:17","guid":{"rendered":"http:\/\/suomiunkari.fi\/osastot\/helsinki\/?page_id=18"},"modified":"2021-01-31T10:13:02","modified_gmt":"2021-01-31T10:13:02","slug":"liity-jaseneksi","status":"publish","type":"page","link":"https:\/\/suomiunkari.fi\/osastot\/helsinki\/liity-jaseneksi\/","title":{"rendered":"Liity j\u00e4seneksi"},"content":{"rendered":"<p>Kiinnostaako Sinua Unkarin politiikka, yhteiskunta, urheilu tai kulttuuri? Onko Sinulla unkarilaisia yst\u00e4vi\u00e4? Aiotko matkustaa Unkariin? Lis\u00e4\u00e4 tietoa kaikista n\u00e4ist\u00e4 alueista saat liittym\u00e4ll\u00e4 Suomi-Unkari Seuran j\u00e4seneksi.<\/p>\n<p>Tulosta j\u00e4senlomake oheisesta <a href=\"https:\/\/suomiunkari.fi\/yhdistys\/liity-jaseneksi\/\">linkist\u00e4<\/a>, t\u00e4yt\u00e4 se ja postita joko<a href=\"http:\/\/suomiunkari.fi\/osastot\/helsinki\/hallitus-ja-yhteystiedot\/\"> Helsingin\u00a0yhdistyksen sihteerille<\/a> tai valtakunnalliseen <a href=\"http:\/\/www.suomiunkari.fi\/\">Suomi-Unkari Seuraan<\/a>. J\u00e4senen\u00e4 saat valtakunnallisen <a href=\"http:\/\/suomiunkari.fi\/suomi-unkari-lehti\/\"><em>Suomi-Unkari<\/em> -lehden<\/a>.\u00a0J\u00e4senen\u00e4 voit osallistua yhdistyksen ja seuran j\u00e4rjest\u00e4miin tapahtumiin ja tilaisuuksiin sek\u00e4 osallistua yhdistyksen toiminnan kehitt\u00e4miseen.<br \/>\u2013 Vuosij\u00e4senmaksu on t\u00e4ll\u00e4 hetkell\u00e4 35 euroa.<\/p>\n\n\n<p><\/p>\n","protected":false},"excerpt":{"rendered":"<p>Kiinnostaako Sinua Unkarin politiikka, yhteiskunta, urheilu tai kulttuuri? Onko Sinulla unkarilaisia yst\u00e4vi\u00e4? Aiotko matkustaa Unkariin? Lis\u00e4\u00e4 tietoa kaikista n\u00e4ist\u00e4 alueista saat liittym\u00e4ll\u00e4 Suomi-Unkari Seuran j\u00e4seneksi. Tulosta j\u00e4senlomake oheisesta linkist\u00e4, t\u00e4yt\u00e4 se ja postita joko Helsingin\u00a0yhdistyksen sihteerille tai valtakunnalliseen Suomi-Unkari Seuraan. J\u00e4senen\u00e4 saat valtakunnallisen Suomi-Unkari -lehden.\u00a0J\u00e4senen\u00e4 voit osallistua yhdistyksen ja seuran j\u00e4rjest\u00e4miin tapahtumiin ja tilaisuuksiin sek\u00e4 &hellip;<\/p>\n<p class=\"read-more\"> <a class=\"\" href=\"https:\/\/suomiunkari.fi\/osastot\/helsinki\/liity-jaseneksi\/\"> <span class=\"screen-reader-text\">Liity j\u00e4seneksi<\/span> Lue lis\u00e4\u00e4 &raquo;<\/a><\/p>\n","protected":false},"author":2,"featured_media":0,"parent":0,"menu_order":0,"comment_status":"closed","ping_status":"closed","template":"","meta":{"site-sidebar-layout":"default","site-content-layout":"default","ast-global-header-display":"","ast-main-header-display":"","ast-hfb-above-header-display":"","ast-hfb-below-header-display":"","ast-hfb-mobile-header-display":"","site-post-title":"","ast-breadcrumbs-content":"","ast-featured-img":"","footer-sml-layout":"","theme-transparent-header-meta":"default","adv-header-id-meta":"","stick-header-meta":"","header-above-stick-meta":"","header-main-stick-meta":"","header-below-stick-meta":""},"_links":{"self":[{"href":"https:\/\/suomiunkari.fi\/osastot\/helsinki\/wp-json\/wp\/v2\/pages\/18"}],"collection":[{"href":"https:\/\/suomiunkari.fi\/osastot\/helsinki\/wp-json\/wp\/v2\/pages"}],"about":[{"href":"https:\/\/suomiunkari.fi\/osastot\/helsinki\/wp-json\/wp\/v2\/types\/page"}],"author":[{"embeddable":true,"href":"https:\/\/suomiunkari.fi\/osastot\/helsinki\/wp-json\/wp\/v2\/users\/2"}],"replies":[{"embeddable":true,"href":"https:\/\/suomiunkari.fi\/osastot\/helsinki\/wp-json\/wp\/v2\/comments?post=18"}],"version-history":[{"count":8,"href":"https:\/\/suomiunkari.fi\/osastot\/helsinki\/wp-json\/wp\/v2\/pages\/18\/revisions"}],"predecessor-version":[{"id":425,"href":"https:\/\/suomiunkari.fi\/osastot\/helsinki\/wp-json\/wp\/v2\/pages\/18\/revisions\/425"}],"wp:attachment":[{"href":"https:\/\/suomiunkari.fi\/osastot\/helsinki\/wp-json\/wp\/v2\/media?parent=18"}],"curies":[{"name":"wp","href":"https:\/\/api.w.org\/{rel}","templated":true}]}}