{"id":270,"date":"2008-06-04T16:25:35","date_gmt":"2008-06-04T13:25:35","guid":{"rendered":"https:\/\/suomiunkari.fi\/osastot\/jarvenpaa\/yhteystiedot\/"},"modified":"2026-04-06T23:11:38","modified_gmt":"2026-04-06T21:11:38","slug":"yhteystiedot","status":"publish","type":"page","link":"https:\/\/suomiunkari.fi\/osastot\/jarvenpaa\/yhteystiedot\/","title":{"rendered":"Yhteystiedot"},"content":{"rendered":"<ul class=\"contacts\">\n<li><\/li>\n<li class=\"vcard\">\n<h3 class=\"fn\">Eija Linna-alho<\/h3>\n<p class=\"title\">Puheenjohtaja<\/p>\n<\/li>\n<li>eijalinna.alho@gmail.com<\/li>\n<li class=\"vcard\">\n<p class=\"title\">\n<p><strong>Merja Lehtonen<\/strong><\/li>\n<li class=\"vcard\">Sihteeri<\/li>\n<li class=\"vcard\">P\u00f6yt\u00e4alhonkuja 6 A 11 04410 J\u00e4rvenp\u00e4\u00e4<\/li>\n<li class=\"vcard\">merja.lehtonen(at)kolumbus.fi<\/li>\n<\/ul>\n","protected":false},"excerpt":{"rendered":"<p>Eija Linna-alho Puheenjohtaja eijalinna.alho@gmail.com Merja Lehtonen Sihteeri P\u00f6yt\u00e4alhonkuja 6 A 11 04410 J\u00e4rvenp\u00e4\u00e4 merja.lehtonen(at)kolumbus.fi<\/p>\n","protected":false},"author":1,"featured_media":0,"parent":0,"menu_order":0,"comment_status":"open","ping_status":"open","template":"","meta":{"site-sidebar-layout":"default","site-content-layout":"default","ast-global-header-display":"","ast-main-header-display":"","ast-hfb-above-header-display":"","ast-hfb-below-header-display":"","ast-hfb-mobile-header-display":"","site-post-title":"","ast-breadcrumbs-content":"","ast-featured-img":"","footer-sml-layout":"","theme-transparent-header-meta":"","adv-header-id-meta":"","stick-header-meta":"","header-above-stick-meta":"","header-main-stick-meta":"","header-below-stick-meta":""},"_links":{"self":[{"href":"https:\/\/suomiunkari.fi\/osastot\/jarvenpaa\/wp-json\/wp\/v2\/pages\/270"}],"collection":[{"href":"https:\/\/suomiunkari.fi\/osastot\/jarvenpaa\/wp-json\/wp\/v2\/pages"}],"about":[{"href":"https:\/\/suomiunkari.fi\/osastot\/jarvenpaa\/wp-json\/wp\/v2\/types\/page"}],"author":[{"embeddable":true,"href":"https:\/\/suomiunkari.fi\/osastot\/jarvenpaa\/wp-json\/wp\/v2\/users\/1"}],"replies":[{"embeddable":true,"href":"https:\/\/suomiunkari.fi\/osastot\/jarvenpaa\/wp-json\/wp\/v2\/comments?post=270"}],"version-history":[{"count":2,"href":"https:\/\/suomiunkari.fi\/osastot\/jarvenpaa\/wp-json\/wp\/v2\/pages\/270\/revisions"}],"predecessor-version":[{"id":1294,"href":"https:\/\/suomiunkari.fi\/osastot\/jarvenpaa\/wp-json\/wp\/v2\/pages\/270\/revisions\/1294"}],"wp:attachment":[{"href":"https:\/\/suomiunkari.fi\/osastot\/jarvenpaa\/wp-json\/wp\/v2\/media?parent=270"}],"curies":[{"name":"wp","href":"https:\/\/api.w.org\/{rel}","templated":true}]}}