{"id":50,"date":"2008-06-04T16:31:14","date_gmt":"2008-06-04T13:31:14","guid":{"rendered":"https:\/\/suomiunkari.fi\/osastot\/kajaani\/linkit\/"},"modified":"2020-11-17T14:36:26","modified_gmt":"2020-11-17T12:36:26","slug":"linkit","status":"publish","type":"page","link":"https:\/\/suomiunkari.fi\/osastot\/kajaani\/linkit\/","title":{"rendered":"Linkit"},"content":{"rendered":"<p><strong>Hy\u00f6dyllisi\u00e4 linkkej\u00e4 Unkari-tietoon<\/strong>.<\/p>\n<p>Hogy mondj\u00e1k magyarul? Unkarin<a href=\"https:\/\/suomiunkari.fi\/arkisto\/kieli\/\"> kielen<\/a> harjoituksia.<\/p>\n<p>P\u00f6rk\u00f6lt, paprik\u00e1s csirke, guly\u00e1sleves ym. herkuttelua unkarilaisittain l\u00f6yd\u00e4t <a href=\"https:\/\/suomiunkari.fi\/arkisto\/ruoka\/\">t\u00e4st\u00e4 linkist\u00e4<\/a>.<\/p>\n<p>Balaton, Budapest vai Ny\u00edregyh\u00e1za? <a href=\"https:\/\/suomiunkari.fi\/arkisto\/matkailu\/\">Matkailulinkkej\u00e4<\/a><\/p>\n<p>Kirjallisuutta, elokuvia, taidetta ja muuta <a href=\"https:\/\/suomiunkari.fi\/arkisto\/kulttuuri\/\">kulttuuria.<\/a><\/p>\n","protected":false},"excerpt":{"rendered":"<p>Hy\u00f6dyllisi\u00e4 linkkej\u00e4 Unkari-tietoon. Hogy mondj\u00e1k magyarul? Unkarin kielen harjoituksia. P\u00f6rk\u00f6lt, paprik\u00e1s csirke, guly\u00e1sleves ym. herkuttelua unkarilaisittain l\u00f6yd\u00e4t t\u00e4st\u00e4 linkist\u00e4. Balaton, Budapest vai Ny\u00edregyh\u00e1za? Matkailulinkkej\u00e4 Kirjallisuutta, elokuvia, taidetta ja muuta kulttuuria.<\/p>\n","protected":false},"author":1,"featured_media":0,"parent":0,"menu_order":0,"comment_status":"open","ping_status":"open","template":"","meta":{"site-sidebar-layout":"default","site-content-layout":"default","ast-global-header-display":"","ast-main-header-display":"","ast-hfb-above-header-display":"","ast-hfb-below-header-display":"","ast-hfb-mobile-header-display":"","site-post-title":"","ast-breadcrumbs-content":"","ast-featured-img":"","footer-sml-layout":"","theme-transparent-header-meta":"default","adv-header-id-meta":"","stick-header-meta":"","header-above-stick-meta":"","header-main-stick-meta":"","header-below-stick-meta":""},"_links":{"self":[{"href":"https:\/\/suomiunkari.fi\/osastot\/kajaani\/wp-json\/wp\/v2\/pages\/50"}],"collection":[{"href":"https:\/\/suomiunkari.fi\/osastot\/kajaani\/wp-json\/wp\/v2\/pages"}],"about":[{"href":"https:\/\/suomiunkari.fi\/osastot\/kajaani\/wp-json\/wp\/v2\/types\/page"}],"author":[{"embeddable":true,"href":"https:\/\/suomiunkari.fi\/osastot\/kajaani\/wp-json\/wp\/v2\/users\/1"}],"replies":[{"embeddable":true,"href":"https:\/\/suomiunkari.fi\/osastot\/kajaani\/wp-json\/wp\/v2\/comments?post=50"}],"version-history":[{"count":1,"href":"https:\/\/suomiunkari.fi\/osastot\/kajaani\/wp-json\/wp\/v2\/pages\/50\/revisions"}],"predecessor-version":[{"id":130,"href":"https:\/\/suomiunkari.fi\/osastot\/kajaani\/wp-json\/wp\/v2\/pages\/50\/revisions\/130"}],"wp:attachment":[{"href":"https:\/\/suomiunkari.fi\/osastot\/kajaani\/wp-json\/wp\/v2\/media?parent=50"}],"curies":[{"name":"wp","href":"https:\/\/api.w.org\/{rel}","templated":true}]}}