{"id":39,"date":"2015-05-05T13:40:25","date_gmt":"2015-05-05T13:40:25","guid":{"rendered":"http:\/\/suomiunkari.fi\/osastot\/kouvola\/?page_id=39"},"modified":"2026-04-23T11:43:18","modified_gmt":"2026-04-23T11:43:18","slug":"tausta-nykytila-toiminta","status":"publish","type":"page","link":"https:\/\/suomiunkari.fi\/osastot\/kouvola\/tiedot-yhdistyksesta\/tausta-nykytila-toiminta\/","title":{"rendered":"Tausta, nykytila, toiminta"},"content":{"rendered":"<p><strong>Kouvolan Suomi-Unkari Seura ry<\/strong> perustettiin Kuusankoskitalossa pidetyss\u00e4 kokouksessa 11.3.2012. Yhdistyksemme jatkaa yhdistyneen Kouvolan kaupungin alueella toimineiden Suomi-Unkari Seuran Pohjois-Kymen (perustettu vuonna 1983) ja Kuusankosken (perustettu vuonna 1988) osastojen jalanj\u00e4ljiss\u00e4 tavoitteena tarjota j\u00e4senilleen ja kaikille kouvolalaisille mahdollisuuksia tutustua monipuolisesti Unkariin ja unkarilaisiin.<\/p>\n<p>Kahden yst\u00e4vyysseuran toiminnan yhdist\u00e4minen on osoittautunut oikeaksi ratkaisuksi. Yhdistys on saanut jo toiminnassa olleiden lis\u00e4ksi my\u00f6s uusia j\u00e4seni\u00e4, n\u00e4kyvyytt\u00e4 ja hyvi\u00e4 yhteisty\u00f6kumppaneita.<\/p>\n<p>Yhdistys toimii yhdyssiteen\u00e4 suomalaisten ja unkarilaisten v\u00e4lill\u00e4. Toivotamme tilaisuuksiimme tervetulleiksi my\u00f6s kaikki paikkakunnalla asuvat unkarilaiset. J\u00e4rjest\u00e4mme mahdollisuuksien mukaan erilaisia esitelm\u00e4tilaisuuksia, n\u00e4yttelyit\u00e4, kulttuuritilaisuuksia ja muita vastaavia. Pid\u00e4mme yll\u00e4 yhteyksi\u00e4 Kouvolan kaupungin yst\u00e4vyyskaupunkiin Balatonf\u00fcrediin.<\/p>\n<p>&nbsp;<\/p>\n\n\n<div class=\"wp-block-file\"><object class=\"wp-block-file__embed\" data=\"https:\/\/suomiunkari.fi\/osastot\/kouvola\/files\/2026\/04\/Vuosikertomus-2025_Kouvolan-SUS-1.pdf\" type=\"application\/pdf\" style=\"width:100%;height:600px\" aria-label=\"Tiedoston Vuosikertomus-2025_Kouvolan-SUS-1 upotus.\"><\/object><a id=\"wp-block-file--media-41939ec2-5d52-4816-999c-4d9874abc9c4\" href=\"https:\/\/suomiunkari.fi\/osastot\/kouvola\/files\/2026\/04\/Vuosikertomus-2025_Kouvolan-SUS-1.pdf\">Vuosikertomus-2025_Kouvolan-SUS-1<\/a><a href=\"https:\/\/suomiunkari.fi\/osastot\/kouvola\/files\/2026\/04\/Vuosikertomus-2025_Kouvolan-SUS-1.pdf\" class=\"wp-block-file__button wp-element-button\" download aria-describedby=\"wp-block-file--media-41939ec2-5d52-4816-999c-4d9874abc9c4\">Lataa<\/a><\/div>\n","protected":false},"excerpt":{"rendered":"<p>Kouvolan Suomi-Unkari Seura ry perustettiin Kuusankoskitalossa pidetyss\u00e4 kokouksessa 11.3.2012. Yhdistyksemme jatkaa yhdistyneen Kouvolan kaupungin alueella toimineiden Suomi-Unkari Seuran Pohjois-Kymen (perustettu vuonna 1983) ja Kuusankosken (perustettu vuonna 1988) osastojen jalanj\u00e4ljiss\u00e4 tavoitteena tarjota j\u00e4senilleen ja kaikille kouvolalaisille mahdollisuuksia tutustua monipuolisesti Unkariin ja unkarilaisiin. Kahden yst\u00e4vyysseuran toiminnan yhdist\u00e4minen on osoittautunut oikeaksi ratkaisuksi. Yhdistys on saanut jo toiminnassa olleiden &hellip;<\/p>\n<p class=\"read-more\"> <a class=\"\" href=\"https:\/\/suomiunkari.fi\/osastot\/kouvola\/tiedot-yhdistyksesta\/tausta-nykytila-toiminta\/\"> <span class=\"screen-reader-text\">Tausta, nykytila, toiminta<\/span> Lue lis\u00e4\u00e4 &raquo;<\/a><\/p>\n","protected":false},"author":9,"featured_media":0,"parent":14,"menu_order":0,"comment_status":"closed","ping_status":"open","template":"","meta":{"site-sidebar-layout":"default","site-content-layout":"default","ast-global-header-display":"","ast-main-header-display":"","ast-hfb-above-header-display":"","ast-hfb-below-header-display":"","ast-hfb-mobile-header-display":"","site-post-title":"","ast-breadcrumbs-content":"","ast-featured-img":"","footer-sml-layout":"","theme-transparent-header-meta":"","adv-header-id-meta":"","stick-header-meta":"","header-above-stick-meta":"","header-main-stick-meta":"","header-below-stick-meta":""},"_links":{"self":[{"href":"https:\/\/suomiunkari.fi\/osastot\/kouvola\/wp-json\/wp\/v2\/pages\/39"}],"collection":[{"href":"https:\/\/suomiunkari.fi\/osastot\/kouvola\/wp-json\/wp\/v2\/pages"}],"about":[{"href":"https:\/\/suomiunkari.fi\/osastot\/kouvola\/wp-json\/wp\/v2\/types\/page"}],"author":[{"embeddable":true,"href":"https:\/\/suomiunkari.fi\/osastot\/kouvola\/wp-json\/wp\/v2\/users\/9"}],"replies":[{"embeddable":true,"href":"https:\/\/suomiunkari.fi\/osastot\/kouvola\/wp-json\/wp\/v2\/comments?post=39"}],"version-history":[{"count":14,"href":"https:\/\/suomiunkari.fi\/osastot\/kouvola\/wp-json\/wp\/v2\/pages\/39\/revisions"}],"predecessor-version":[{"id":1056,"href":"https:\/\/suomiunkari.fi\/osastot\/kouvola\/wp-json\/wp\/v2\/pages\/39\/revisions\/1056"}],"up":[{"embeddable":true,"href":"https:\/\/suomiunkari.fi\/osastot\/kouvola\/wp-json\/wp\/v2\/pages\/14"}],"wp:attachment":[{"href":"https:\/\/suomiunkari.fi\/osastot\/kouvola\/wp-json\/wp\/v2\/media?parent=39"}],"curies":[{"name":"wp","href":"https:\/\/api.w.org\/{rel}","templated":true}]}}