{"id":6,"date":"2013-04-18T08:05:43","date_gmt":"2013-04-18T08:05:43","guid":{"rendered":"http:\/\/suomiunkari.fi\/osastot\/kouvola\/?page_id=6"},"modified":"2022-06-05T12:31:07","modified_gmt":"2022-06-05T12:31:07","slug":"liity-jaseneksi","status":"publish","type":"page","link":"https:\/\/suomiunkari.fi\/osastot\/kouvola\/liity-jaseneksi\/","title":{"rendered":"Liity j\u00e4seneksi"},"content":{"rendered":"<p>Liittym\u00e4ll\u00e4 yhdistyksemme j\u00e4seneksi p\u00e4\u00e4set mukaan\u00a0\u00a0toimintaan. J\u00e4senhakemuksen voit tulostaa alla olevasta linkist\u00e4. K\u00e4tevimmin palautus tapahtuu postittamalla t\u00e4ytetty ja allekirjoitettu hakemus Suomi-Unkari Seuran toimistoon, Ratavartijankatu 2 A, 00520 Helsinki.<\/p>\n<p><a title=\"Tulosta j\u00e4senlomake t\u00e4\u00e4lt\u00e4\" href=\"http:\/\/suomiunkari.fi\/liity-jaseneksi\/\">Tulosta j\u00e4senlomake t\u00e4\u00e4lt\u00e4<\/a><\/p>\n","protected":false},"excerpt":{"rendered":"<p>Liittym\u00e4ll\u00e4 yhdistyksemme j\u00e4seneksi p\u00e4\u00e4set mukaan\u00a0\u00a0toimintaan. J\u00e4senhakemuksen voit tulostaa alla olevasta linkist\u00e4. K\u00e4tevimmin palautus tapahtuu postittamalla t\u00e4ytetty ja allekirjoitettu hakemus Suomi-Unkari Seuran toimistoon, Ratavartijankatu 2 A, 00520 Helsinki. Tulosta j\u00e4senlomake t\u00e4\u00e4lt\u00e4<\/p>\n","protected":false},"author":8,"featured_media":0,"parent":0,"menu_order":0,"comment_status":"closed","ping_status":"open","template":"","meta":{"site-sidebar-layout":"default","site-content-layout":"default","ast-global-header-display":"","ast-main-header-display":"","ast-hfb-above-header-display":"","ast-hfb-below-header-display":"","ast-hfb-mobile-header-display":"","site-post-title":"","ast-breadcrumbs-content":"","ast-featured-img":"","footer-sml-layout":"","theme-transparent-header-meta":"default","adv-header-id-meta":"","stick-header-meta":"","header-above-stick-meta":"","header-main-stick-meta":"","header-below-stick-meta":""},"_links":{"self":[{"href":"https:\/\/suomiunkari.fi\/osastot\/kouvola\/wp-json\/wp\/v2\/pages\/6"}],"collection":[{"href":"https:\/\/suomiunkari.fi\/osastot\/kouvola\/wp-json\/wp\/v2\/pages"}],"about":[{"href":"https:\/\/suomiunkari.fi\/osastot\/kouvola\/wp-json\/wp\/v2\/types\/page"}],"author":[{"embeddable":true,"href":"https:\/\/suomiunkari.fi\/osastot\/kouvola\/wp-json\/wp\/v2\/users\/8"}],"replies":[{"embeddable":true,"href":"https:\/\/suomiunkari.fi\/osastot\/kouvola\/wp-json\/wp\/v2\/comments?post=6"}],"version-history":[{"count":11,"href":"https:\/\/suomiunkari.fi\/osastot\/kouvola\/wp-json\/wp\/v2\/pages\/6\/revisions"}],"predecessor-version":[{"id":867,"href":"https:\/\/suomiunkari.fi\/osastot\/kouvola\/wp-json\/wp\/v2\/pages\/6\/revisions\/867"}],"wp:attachment":[{"href":"https:\/\/suomiunkari.fi\/osastot\/kouvola\/wp-json\/wp\/v2\/media?parent=6"}],"curies":[{"name":"wp","href":"https:\/\/api.w.org\/{rel}","templated":true}]}}