{"id":22,"date":"2008-03-06T15:50:04","date_gmt":"2008-03-06T13:50:04","guid":{"rendered":"http:\/\/tanger.dyndns.org:8888\/suomiunkari-blog\/?page_id=27"},"modified":"2008-03-06T15:50:04","modified_gmt":"2008-03-06T13:50:04","slug":"yhdistyksen-saannot","status":"publish","type":"page","link":"https:\/\/suomiunkari.fi\/osastot\/lahti\/yhdistys-toimii\/yhdistyksen-saannot\/","title":{"rendered":"Yhdistyksen s\u00e4\u00e4nn\u00f6t"},"content":{"rendered":"<p>Lue: <a href=\"http:\/\/suomiunkari.fi\/osastot\/lahti\/files\/2014\/01\/sus_lahti_saannot_2013.pdf\">SUS Lahti S\u00e4\u00e4nn\u00f6t 2013<\/a><\/p>\n","protected":false},"excerpt":{"rendered":"<p>Lue: SUS Lahti S\u00e4\u00e4nn\u00f6t 2013<\/p>\n","protected":false},"author":1,"featured_media":0,"parent":7,"menu_order":96,"comment_status":"open","ping_status":"open","template":"","meta":{"site-sidebar-layout":"default","site-content-layout":"default","ast-global-header-display":"","ast-main-header-display":"","ast-hfb-above-header-display":"","ast-hfb-below-header-display":"","ast-hfb-mobile-header-display":"","site-post-title":"","ast-breadcrumbs-content":"","ast-featured-img":"","footer-sml-layout":"","theme-transparent-header-meta":"","adv-header-id-meta":"","stick-header-meta":"","header-above-stick-meta":"","header-main-stick-meta":"","header-below-stick-meta":""},"_links":{"self":[{"href":"https:\/\/suomiunkari.fi\/osastot\/lahti\/wp-json\/wp\/v2\/pages\/22"}],"collection":[{"href":"https:\/\/suomiunkari.fi\/osastot\/lahti\/wp-json\/wp\/v2\/pages"}],"about":[{"href":"https:\/\/suomiunkari.fi\/osastot\/lahti\/wp-json\/wp\/v2\/types\/page"}],"author":[{"embeddable":true,"href":"https:\/\/suomiunkari.fi\/osastot\/lahti\/wp-json\/wp\/v2\/users\/1"}],"replies":[{"embeddable":true,"href":"https:\/\/suomiunkari.fi\/osastot\/lahti\/wp-json\/wp\/v2\/comments?post=22"}],"version-history":[{"count":0,"href":"https:\/\/suomiunkari.fi\/osastot\/lahti\/wp-json\/wp\/v2\/pages\/22\/revisions"}],"up":[{"embeddable":true,"href":"https:\/\/suomiunkari.fi\/osastot\/lahti\/wp-json\/wp\/v2\/pages\/7"}],"wp:attachment":[{"href":"https:\/\/suomiunkari.fi\/osastot\/lahti\/wp-json\/wp\/v2\/media?parent=22"}],"curies":[{"name":"wp","href":"https:\/\/api.w.org\/{rel}","templated":true}]}}