{"id":12,"date":"2012-03-02T07:42:29","date_gmt":"2012-03-02T07:42:29","guid":{"rendered":"http:\/\/suomiunkari.fi\/osastot\/satakunta\/?page_id=12"},"modified":"2012-03-02T12:22:59","modified_gmt":"2012-03-02T12:22:59","slug":"liity-jaseneksi","status":"publish","type":"page","link":"https:\/\/suomiunkari.fi\/osastot\/satakunta\/liity-jaseneksi\/","title":{"rendered":"Liity j\u00e4seneksi"},"content":{"rendered":"<p>Tietoa Satakunnan Suomi-Unkari Seuran j\u00e4seneksi liittymisest\u00e4 l\u00f6ytyy <a href=\"http:\/\/www.suomiunkari.fi\/liity-jaseneksi\/\" target=\"_blank\">Suomi-Unkari Seuran sivuilta<\/a> tai voit ottaa suoraan yhteytt\u00e4 Satakunnan osaston puheenjohtajaan tai sihteeriin (ks. <a href=\"http:\/\/suomiunkari.fi\/osastot\/satakunta\/hallitus-ja-yhteystiedot\/\">hallitus ja yhteystiedot<\/a>).<\/p>\n","protected":false},"excerpt":{"rendered":"<p>Tietoa Satakunnan Suomi-Unkari Seuran j\u00e4seneksi liittymisest\u00e4 l\u00f6ytyy Suomi-Unkari Seuran sivuilta tai voit ottaa suoraan yhteytt\u00e4 Satakunnan osaston puheenjohtajaan tai sihteeriin (ks. hallitus ja yhteystiedot).<\/p>\n","protected":false},"author":2,"featured_media":0,"parent":0,"menu_order":0,"comment_status":"closed","ping_status":"closed","template":"","meta":[],"_links":{"self":[{"href":"https:\/\/suomiunkari.fi\/osastot\/satakunta\/wp-json\/wp\/v2\/pages\/12"}],"collection":[{"href":"https:\/\/suomiunkari.fi\/osastot\/satakunta\/wp-json\/wp\/v2\/pages"}],"about":[{"href":"https:\/\/suomiunkari.fi\/osastot\/satakunta\/wp-json\/wp\/v2\/types\/page"}],"author":[{"embeddable":true,"href":"https:\/\/suomiunkari.fi\/osastot\/satakunta\/wp-json\/wp\/v2\/users\/2"}],"replies":[{"embeddable":true,"href":"https:\/\/suomiunkari.fi\/osastot\/satakunta\/wp-json\/wp\/v2\/comments?post=12"}],"version-history":[{"count":5,"href":"https:\/\/suomiunkari.fi\/osastot\/satakunta\/wp-json\/wp\/v2\/pages\/12\/revisions"}],"predecessor-version":[{"id":54,"href":"https:\/\/suomiunkari.fi\/osastot\/satakunta\/wp-json\/wp\/v2\/pages\/12\/revisions\/54"}],"wp:attachment":[{"href":"https:\/\/suomiunkari.fi\/osastot\/satakunta\/wp-json\/wp\/v2\/media?parent=12"}],"curies":[{"name":"wp","href":"https:\/\/api.w.org\/{rel}","templated":true}]}}