{"id":476,"date":"2026-03-25T14:02:09","date_gmt":"2026-03-25T14:02:09","guid":{"rendered":"https:\/\/suomiunkari.fi\/osastot\/satakunta\/?page_id=476"},"modified":"2026-03-25T14:02:09","modified_gmt":"2026-03-25T14:02:09","slug":"historia","status":"publish","type":"page","link":"https:\/\/suomiunkari.fi\/osastot\/satakunta\/historia\/","title":{"rendered":"Historia"},"content":{"rendered":"\n<h2>Suomi-Unkari Seuran Satakunnan paikallisosaston perustaminen<\/h2>\n\n\n\n<p>Valtakunnallinen Suomi-Unkari Seura perustettiin jo vuonna 1950, ja 1970-luvun alussa huomattiin, ett\u00e4 Satakunnassa riitti intoa oman paikallisosaston py\u00f6ritt\u00e4miseen. Sen tarkoituksena on siit\u00e4 alkaen ollut Suomen, erityisesti Satakunnan ja Unkarin v\u00e4listen kulttuurisuhteiden kehitt\u00e4minen, Unkarin tuntemuksen levitt\u00e4minen ja maiden kansalaisten yst\u00e4vyyden lujittaminen ja yhteistoiminnan lis\u00e4\u00e4minen.<\/p>\n\n\n<div class=\"wp-block-image\">\n<figure class=\"aligncenter size-large\"><a href=\"https:\/\/suomiunkari.fi\/osastot\/satakunta\/files\/2026\/03\/kuva1-2-scaled.jpg\"><img decoding=\"async\" loading=\"lazy\" width=\"1024\" height=\"627\" src=\"https:\/\/suomiunkari.fi\/osastot\/satakunta\/files\/2026\/03\/kuva1-2-1024x627.jpg\" alt=\"\" class=\"wp-image-461\" srcset=\"https:\/\/suomiunkari.fi\/osastot\/satakunta\/files\/2026\/03\/kuva1-2-1024x627.jpg 1024w, https:\/\/suomiunkari.fi\/osastot\/satakunta\/files\/2026\/03\/kuva1-2-300x184.jpg 300w, https:\/\/suomiunkari.fi\/osastot\/satakunta\/files\/2026\/03\/kuva1-2-768x470.jpg 768w, https:\/\/suomiunkari.fi\/osastot\/satakunta\/files\/2026\/03\/kuva1-2-1536x940.jpg 1536w, https:\/\/suomiunkari.fi\/osastot\/satakunta\/files\/2026\/03\/kuva1-2-2048x1253.jpg 2048w, https:\/\/suomiunkari.fi\/osastot\/satakunta\/files\/2026\/03\/kuva1-2-490x300.jpg 490w\" sizes=\"(max-width: 1024px) 100vw, 1024px\" \/><\/a><\/figure><\/div>\n\n\n<div class=\"is-layout-flex wp-container-2 wp-block-columns\">\n<div class=\"is-layout-flow wp-block-column\" style=\"flex-basis:100%\">\n<p>Osaston perustamiskokous pidettiin 22.3.1972 Porin kaupungintalossa. Taustalla oli Unkarin puhemiesneuvoston puheenjohtajan, presidentti ja rouva P\u00e1l Locsonczin elokuussa 1971 Poriin ulottunut valtiovierailu, jossa oli mukana my\u00f6s presidentti Urho Kekkonen. Porin senaikainen kaupunginjohtaja Heikki Koski sopi presidentti Losonczin kanssa, ett\u00e4 Porin yst\u00e4vyyskaupungiksi tulisi Eger ja Satakunnan Suomi-Unkari Seura perustettaisiin.<\/p>\n\n\n\n<p>Paikalla perustamiskokouksessa olivat:<\/p>\n\n\n\n<p>Eero Karra, Aune Karra, Aarre M\u00e4kel\u00e4, Heikki Koski, Elli Holmlund, Kalervo Mustonen, Helga Mustonen, Jorma Kari-Koskinen, Ritva Tuulos, Irmeli M\u00e4ntynen, Liisa Keto-Tokoi, Erkki Lehto, Anja Merilehti, Into Merilehti, Raila Pelttari, Matti Valkila, Boris Selesmaa, Tauno Jussila, Leo Marmio, Arvo Lindqvist, Alma Sundelin, Pentti Astala, Mikko S\u00e4vel\u00e4, Matti Pelttari, Reijo Levander, Pirkko Koski, Laila R\u00e4ikk\u00e4, Ossi R\u00e4ikk\u00e4 ja Eira Levander<\/p>\n\n\n\n<p>Lis\u00e4ksi paikalla olivat Unkarin Suomen suurl\u00e4hettil\u00e4s Rudolf R\u00f3nai, l\u00e4hetyst\u00f6sihteeri Istv\u00e1n Szatm\u00e1ri, rouva Magda Huotari sek\u00e4 Suomi-Unkari Seuran puheenjohtaja Kaarina Virolainen.<\/p>\n\n\n\n<p>Kokouksen puheenjohtajana toimi kaupunginjohtaja Heikki Koski ja sihteerin\u00e4 varatuomari Matti Pelttari.&nbsp;<\/p>\n\n\n\n<p>Osaston puheenjohtajaksi valittiin Reijo Levander ja sihteeriksi Pirkko Koski. Johtokuntaan kuuluivat lis\u00e4ksi Eero Gr\u00f6nroos, Timo Juti, Tuure J\u00e4rvinen, Liisa Keto-Tokoi, Tauno Piisi, Toini Raussi ja Hugo Ruis.<\/p>\n\n\n<div class=\"wp-block-image\">\n<figure class=\"aligncenter size-large\"><a href=\"https:\/\/suomiunkari.fi\/osastot\/satakunta\/files\/2026\/03\/kuva2.jpg\"><img decoding=\"async\" loading=\"lazy\" width=\"724\" height=\"1024\" src=\"https:\/\/suomiunkari.fi\/osastot\/satakunta\/files\/2026\/03\/kuva2-724x1024.jpg\" alt=\"\" class=\"wp-image-462\" srcset=\"https:\/\/suomiunkari.fi\/osastot\/satakunta\/files\/2026\/03\/kuva2-724x1024.jpg 724w, https:\/\/suomiunkari.fi\/osastot\/satakunta\/files\/2026\/03\/kuva2-212x300.jpg 212w, https:\/\/suomiunkari.fi\/osastot\/satakunta\/files\/2026\/03\/kuva2-768x1086.jpg 768w, https:\/\/suomiunkari.fi\/osastot\/satakunta\/files\/2026\/03\/kuva2-1086x1536.jpg 1086w, https:\/\/suomiunkari.fi\/osastot\/satakunta\/files\/2026\/03\/kuva2-1448x2048.jpg 1448w, https:\/\/suomiunkari.fi\/osastot\/satakunta\/files\/2026\/03\/kuva2.jpg 1570w\" sizes=\"(max-width: 724px) 100vw, 724px\" \/><\/a><figcaption class=\"wp-element-caption\"><span style=\", serif;font-size: medium\">Perustamiskokouksen p\u00f6yt\u00e4kirja<\/span><p class=\"MsoNormal\" style=\"margin: 12pt 0cm;font-size: medium;font-family: Calibri, sans-serif;line-height: 24px\"><span lang=\"FI\" style=\", serif\"><\/span><\/p><\/figcaption><\/figure><\/div>\n\n\n<h2>Seuran kulttuuritoiminta<\/h2>\n\n\n\n<p>Seuran toiminnassa erilaiset kulttuuritapahtumat ovat olleet avainasemassa. Niin unkarilainen taide, musiikki, tanssi, kirjallisuus kuin ruoka- ja juomakulttuurikin ovat p\u00e4\u00e4sseet esille. Taiden\u00e4yttelyist\u00e4 merkitt\u00e4vi\u00e4 ovat olleet esimerkiksi Unkarin avantgardismin n\u00e4yttely ja taiteilija K\u00e1roly Klim\u00f3n taiden\u00e4yttely Porin taidemuseossa. Esill\u00e4 on ollut my\u00f6s valokuvia, grafiikkaa, koruja, pienoisveistoksia ja kansantaidetta. Unkarin kirjallisuutta seura on my\u00f6s tuonut hyvin satakuntalaisten tietoisuuteen, ja runoilija Endre Ady -juhlavuoden 1977 toiminnasta osasto sai jopa tunnustukseksi runoilijan korkokuvan. My\u00f6s runoilija S\u00e1ndor We\u00f6r\u00f6sin runoista koostettu runomatinea radioitiiin Porin kaupunginkirjastosta.&nbsp;Pori Folk -festivaali on my\u00f6s vet\u00e4nyt puoleensa unkarilaisia taiteilijoita tanssiryhmist\u00e4 n\u00e4ytelmiin.<\/p>\n\n\n\n<h2><strong>Unkarin kulttuuriviikko<\/strong><\/h2>\n\n\n\n<p>Unkarilaisten orkesterien ja yhtyeiden esiintymiset ovat olleet keskeinen osa toimintaa. Ensimm\u00e4isen\u00e4 vieraili Ex Antiguis -yhtye 1974, jonka j\u00e4lkeen niin kansanmusiikin kuin rockin edustajat ovat k\u00e4yneet esiintym\u00e4ss\u00e4. Vuonna 2012 j\u00e4rjestettiin valtakunnallinen Unkarin kulttuuriviikko Porissa. Ohjelmassa oli musiikkiesiintyji\u00e4 kuoroista puhallinkvartettiin ja modernimpaan musiikkiin. My\u00f6s musiikkipajoja j\u00e4rjestettiin, ja taiteilija S\u00e1ndor V\u00e1lyn audiovisuaaliset teokset p\u00e4\u00e4siv\u00e4t esille Porin taidemuseoon.<\/p>\n\n\n\n<h2><strong>Unkarilaisen kirjallisuuden keskus Poriin<\/strong><\/h2>\n\n\n\n<p>Vuonna 1987 seuran 15-vuotista taivalta juhlisti osaltaan unkarilaisen kirjallisuuden keskuksen Magyar Irodalmi K\u00f6zpontin toiminnan alkaminen Porin kaupunginkirjaston yhteydess\u00e4. Kaukolainauksen avulla keskus palveli Unkarin yst\u00e4vi\u00e4 kautta maan. Unkarilaisen kirjallisuuden keskuksen perustamiseen Poriin vaikutti Porin kaupunginkirjaston kirjastonjohtaja, silloinen Satakunnan osaston sihteeri Marjaana Karjalainen. H\u00e4n sai t\u00e4st\u00e4 Unkarin valtion my\u00f6nt\u00e4m\u00e4n\u00e4 Pro Cultura Hungarica -mitalin.<\/p>\n\n\n\n<h2><strong>Nostoja kulttuuritoiminnasta vuosien varrelta<\/strong><\/h2>\n\n\n\n<p>Vuonna&nbsp;1974 j\u00e4rjestettiin Unkari-viikon vierailijan Gyula Feledyn grafiikkan\u00e4yttely Satakunnan Museossa.<\/p>\n\n\n<div class=\"wp-block-image\">\n<figure class=\"aligncenter size-large\"><a href=\"http:\/\/suomiunkari.fi\/osastot\/satakunta\/files\/2026\/03\/kuva4-rotated.jpg\"><img decoding=\"async\" loading=\"lazy\" width=\"1024\" height=\"644\" src=\"http:\/\/suomiunkari.fi\/osastot\/satakunta\/files\/2026\/03\/kuva4-1024x644.jpg\" alt=\"\" class=\"wp-image-464\" srcset=\"https:\/\/suomiunkari.fi\/osastot\/satakunta\/files\/2026\/03\/kuva4-1024x644.jpg 1024w, https:\/\/suomiunkari.fi\/osastot\/satakunta\/files\/2026\/03\/kuva4-300x189.jpg 300w, https:\/\/suomiunkari.fi\/osastot\/satakunta\/files\/2026\/03\/kuva4-768x483.jpg 768w, https:\/\/suomiunkari.fi\/osastot\/satakunta\/files\/2026\/03\/kuva4-477x300.jpg 477w, https:\/\/suomiunkari.fi\/osastot\/satakunta\/files\/2026\/03\/kuva4-rotated.jpg 1295w\" sizes=\"(max-width: 1024px) 100vw, 1024px\" \/><\/a><figcaption class=\"wp-element-caption\">N\u00e4yttely Satakunnan Museossa<\/figcaption><\/figure><\/div>\n\n\n<p>Vuonna&nbsp;1976 osasto toimi valtakunnallisen unkarin p\u00e4iv\u00e4n juhlan is\u00e4nt\u00e4n\u00e4.<\/p>\n\n\n\n<p>Vuonna&nbsp;1984 alkaen on j\u00e4rjestetty joka nelj\u00e4s vuosi koulujen Unkari-viikot, joissa osasto on p\u00e4\u00e4ssyt esittelem\u00e4\u00e4n Unkaria. Porilaiset koulut, nuoriso-orkesterit, kuorot ja urheiluj\u00e4rjest\u00f6t tekiv\u00e4t paljon yhteisty\u00f6t\u00e4 Egerin vastaavien tahojen kanssa.&nbsp;<\/p>\n\n\n\n<p>Vuonna&nbsp;1984 lokakuussa suuren suosion saavutti Budapestin Operettiteatterin konsertti Porin nuorisotalolla.<\/p>\n\n\n\n<p>1990-luvulla osastolla oli Kokem\u00e4enjoella j\u00e4rjest\u00e4tt\u00e4vi\u00e4 \u201cTonavan risteilyj\u00e4\u201d ja kes\u00e4tapahtumia Sulo A. Savon pihamaalla Reposaaressa. My\u00f6s viini-iltoja, joissa maahantuojat p\u00e4\u00e4siv\u00e4t esittelem\u00e4\u00e4n unkarilaisia viinej\u00e4, j\u00e4rjestettiin.<\/p>\n\n\n\n<p>Vuonna&nbsp;2004 j\u00e4rjestettiin Porin Promenadikeskuksessa Unkari laulaa ja tanssii -tapahtuma ja kaupunginkirjastossa Unkarin kansallisp\u00e4iv\u00e4n n\u00e4yttely.<\/p>\n\n\n\n<p>Vuonna 2010 seura j\u00e4rjesti L\u00e4nsi-Unkarissa tapahtuneen myrkkyvuodon tuhoista k\u00e4rsineiden tueksi hyv\u00e4ntekev\u00e4isyyskonsertin, jonka tuottona saatu noin 4 000 euroa toimitettiin Unkarin Suomen suurl\u00e4hetyst\u00f6n osoittamaan avustuskohteeseen. Vapaaehtoisia esiintyji\u00e4 oli yli 20.<\/p>\n\n\n\n<p>Vuonna 2012 Porin yliopistokeskuksessa j\u00e4rjestettiin juhlaseminaari 40 vuotta yst\u00e4vyytt\u00e4 &#8211; 40 \u00e9ves bar\u00e1ts\u00e1g, jonka juhlapuhujana toimi hallintotieteiden tohtori Heikki Koski.&nbsp;<\/p>\n\n\n\n<p>Vuoden 2022 marraskuussa seura j\u00e4rjesti Unkarin kulttuurikeskuksen kanssa yhteisty\u00f6ss\u00e4 Porin p\u00e4\u00e4kirjastossa oli taiden\u00e4yttelyn, jossa oli esill\u00e4 kuva-arkkitehtuuria ja runoja unkarilaisen avantgardistin Lajos Kass\u00e1kin tuotannosta.<\/p>\n\n\n<div class=\"wp-block-image\">\n<figure class=\"aligncenter size-large\"><a href=\"https:\/\/suomiunkari.fi\/osastot\/satakunta\/files\/2026\/03\/kuva5.jpg\"><img decoding=\"async\" loading=\"lazy\" width=\"748\" height=\"1024\" src=\"https:\/\/suomiunkari.fi\/osastot\/satakunta\/files\/2026\/03\/kuva5-748x1024.jpg\" alt=\"\" class=\"wp-image-465\" srcset=\"https:\/\/suomiunkari.fi\/osastot\/satakunta\/files\/2026\/03\/kuva5-748x1024.jpg 748w, https:\/\/suomiunkari.fi\/osastot\/satakunta\/files\/2026\/03\/kuva5-219x300.jpg 219w, https:\/\/suomiunkari.fi\/osastot\/satakunta\/files\/2026\/03\/kuva5-768x1052.jpg 768w, https:\/\/suomiunkari.fi\/osastot\/satakunta\/files\/2026\/03\/kuva5.jpg 975w\" sizes=\"(max-width: 748px) 100vw, 748px\" \/><\/a><figcaption class=\"wp-element-caption\">Taiden\u00e4yttelyn juliste<\/figcaption><\/figure><\/div>\n\n\n<h2><strong>Matkat<\/strong><\/h2>\n\n\n\n<p>Seura on j\u00e4rjest\u00e4nyt vuosikymmenten taipaleellaan monenlaisia matkoja. Luonnollisesti matkat ovat suuntautuneet pitk\u00e4lti yst\u00e4vyyskaupunki Egeriin, mutta muukin Unkari on tullut tutuksi. Matkoilla on tutustuttu niin Unkarin perinteisiin, kulttuuriperint\u00f6\u00f6n, n\u00e4ht\u00e4vyyksiin kuin paikallisiin ihmisiinkin. Varsinkin kolmivuosittain j\u00e4rjestetyt yst\u00e4vyysmatkat saivat suuren suosion.<\/p>\n\n\n<div class=\"wp-block-image\">\n<figure class=\"aligncenter size-large\"><a href=\"https:\/\/suomiunkari.fi\/osastot\/satakunta\/files\/2026\/03\/kuva6.jpg\"><img decoding=\"async\" loading=\"lazy\" width=\"724\" height=\"1024\" src=\"https:\/\/suomiunkari.fi\/osastot\/satakunta\/files\/2026\/03\/kuva6-724x1024.jpg\" alt=\"\" class=\"wp-image-466\" srcset=\"https:\/\/suomiunkari.fi\/osastot\/satakunta\/files\/2026\/03\/kuva6-724x1024.jpg 724w, https:\/\/suomiunkari.fi\/osastot\/satakunta\/files\/2026\/03\/kuva6-212x300.jpg 212w, https:\/\/suomiunkari.fi\/osastot\/satakunta\/files\/2026\/03\/kuva6-768x1086.jpg 768w, https:\/\/suomiunkari.fi\/osastot\/satakunta\/files\/2026\/03\/kuva6-1086x1536.jpg 1086w, https:\/\/suomiunkari.fi\/osastot\/satakunta\/files\/2026\/03\/kuva6-1448x2048.jpg 1448w, https:\/\/suomiunkari.fi\/osastot\/satakunta\/files\/2026\/03\/kuva6.jpg 1570w\" sizes=\"(max-width: 724px) 100vw, 724px\" \/><\/a><figcaption class=\"wp-element-caption\">Retken ilmoitus lehdess\u00e4<\/figcaption><\/figure><\/div>\n\n\n<p>Perinteist\u00e4 on tutustuttu esimerkiksi viinintekoon; vuoden 2006 syksyll\u00e4 seuralaiset p\u00e4\u00e4siv\u00e4t tutustumaan prosessiin viiniryp\u00e4leiden poiminnasta ryp\u00e4lemehun puristamiseen, viinien maistelua unohtamatta. Matkalla p\u00e4\u00e4stiin my\u00f6s k\u00e4ym\u00e4\u00e4n Unkarin korkeimmalla kohdalla K\u00e9kesill\u00e4, osallistuttiin viininkorjuun kunniaksi j\u00e4rjestetyille kyl\u00e4juhlille ja n\u00e4htiinp\u00e4 Keski-Euroopan suurimmat tippukiviluolat.<\/p>\n\n\n<div class=\"wp-block-image\">\n<figure class=\"aligncenter size-large\"><a href=\"https:\/\/suomiunkari.fi\/osastot\/satakunta\/files\/2026\/03\/kuva7.jpg\"><img decoding=\"async\" loading=\"lazy\" width=\"1024\" height=\"663\" src=\"https:\/\/suomiunkari.fi\/osastot\/satakunta\/files\/2026\/03\/kuva7-1024x663.jpg\" alt=\"\" class=\"wp-image-467\" srcset=\"https:\/\/suomiunkari.fi\/osastot\/satakunta\/files\/2026\/03\/kuva7-1024x663.jpg 1024w, https:\/\/suomiunkari.fi\/osastot\/satakunta\/files\/2026\/03\/kuva7-300x194.jpg 300w, https:\/\/suomiunkari.fi\/osastot\/satakunta\/files\/2026\/03\/kuva7-768x497.jpg 768w, https:\/\/suomiunkari.fi\/osastot\/satakunta\/files\/2026\/03\/kuva7-464x300.jpg 464w, https:\/\/suomiunkari.fi\/osastot\/satakunta\/files\/2026\/03\/kuva7.jpg 1094w\" sizes=\"(max-width: 1024px) 100vw, 1024px\" \/><\/a><figcaption class=\"wp-element-caption\">Unkarin matkalta 2001<\/figcaption><\/figure><\/div>\n\n\n<h2><strong>Vuosijuhlat&nbsp;<\/strong><\/h2>\n\n\n\n<p>Satakunnan Suomi-Unkari Seura on viett\u00e4nyt merkitt\u00e4vimpi\u00e4 vuosijuhliaan ahkeraan tahtiin. Seura on toiminut jo yli 50 vuotta. T\u00e4h\u00e4n aikav\u00e4liin on mahtunut monet vuosijuhlat joko kymmenen tai viiden vuoden v\u00e4lein.&nbsp;<\/p>\n\n\n\n<h2><strong>20-vuotisjuhla<\/strong><\/h2>\n\n\n\n<p>1990-luvulla seura oli toimintansa huipulla, ja helmikuussa 1992 Satakunnan Suomi-Unkari Seura juhlisti vaikuttavaa 20-vuotista taivaltaan. J\u00e4senm\u00e4\u00e4r\u00e4 oli kasvanut jopa yli nelj\u00e4nsadan henkil\u00f6n kattaen koko Satakunnan.<\/p>\n\n\n<div class=\"wp-block-image\">\n<figure class=\"aligncenter size-large\"><a href=\"https:\/\/suomiunkari.fi\/osastot\/satakunta\/files\/2026\/03\/kuva8.jpg\"><img decoding=\"async\" loading=\"lazy\" width=\"656\" height=\"1024\" src=\"https:\/\/suomiunkari.fi\/osastot\/satakunta\/files\/2026\/03\/kuva8-656x1024.jpg\" alt=\"\" class=\"wp-image-468\" srcset=\"https:\/\/suomiunkari.fi\/osastot\/satakunta\/files\/2026\/03\/kuva8-656x1024.jpg 656w, https:\/\/suomiunkari.fi\/osastot\/satakunta\/files\/2026\/03\/kuva8-192x300.jpg 192w, https:\/\/suomiunkari.fi\/osastot\/satakunta\/files\/2026\/03\/kuva8.jpg 690w\" sizes=\"(max-width: 656px) 100vw, 656px\" \/><\/a><figcaption class=\"wp-element-caption\"><strong>20-vuotisjuhla<\/strong><\/figcaption><\/figure><\/div>\n\n\n<p>Seura vietti vuosijuhliaan 27.2.1992 Porin Teatteritalossa. Illan ohjelmaan kuului juhlan avaus, kaksi soolotanssia teoksesta Pahan Kukkia, lauluyhtye Octeman esitys, tervehdykset ja kahvitarjoilu. Tervehdyksens\u00e4 antoi Suomi-Unkari Seura, Unkarin Suurl\u00e4hetyst\u00f6 ja Porin kaupunginvaltuuston puheenjohtaja Uolevi Kaukovaara.<\/p>\n\n\n\n<h2><strong>50-vuotisjuhla<\/strong><\/h2>\n\n\n\n<p>Vuonna 2022 Satakunnan Suomi-Unkari Seura t\u00e4ytti 50 vuotta. Seura p\u00e4\u00e4si juhlistamaan 50-vuotista taivaltaan Porin Raatihuoneelle. Seuralle ostettiin my\u00f6s lippuja Pori Sinfoniettan kvintetin konserttiin, joka pidettiin Porin Raatihuoneella ennen juhlia. Juhliin osallistui 42 j\u00e4sent\u00e4. Paikalla oli j\u00e4senten lis\u00e4ksi Unkarin suurl\u00e4hettil\u00e4s Kl\u00e1ra Breuer puolisoineen.&nbsp;<\/p>\n\n\n<div class=\"wp-block-image\">\n<figure class=\"aligncenter size-large\"><a href=\"https:\/\/suomiunkari.fi\/osastot\/satakunta\/files\/2026\/03\/kuva9.jpg\"><img decoding=\"async\" loading=\"lazy\" width=\"782\" height=\"1024\" src=\"https:\/\/suomiunkari.fi\/osastot\/satakunta\/files\/2026\/03\/kuva9-782x1024.jpg\" alt=\"\" class=\"wp-image-469\" srcset=\"https:\/\/suomiunkari.fi\/osastot\/satakunta\/files\/2026\/03\/kuva9-782x1024.jpg 782w, https:\/\/suomiunkari.fi\/osastot\/satakunta\/files\/2026\/03\/kuva9-229x300.jpg 229w, https:\/\/suomiunkari.fi\/osastot\/satakunta\/files\/2026\/03\/kuva9-768x1005.jpg 768w, https:\/\/suomiunkari.fi\/osastot\/satakunta\/files\/2026\/03\/kuva9.jpg 1088w\" sizes=\"(max-width: 782px) 100vw, 782px\" \/><\/a><\/figure><\/div>\n\n\n<p>Juhlissa oli monenlaista ohjelmaa, muun muassa musiikki- ja runoesityksi\u00e4 sek\u00e4 entisten puheenjohtajien muistelmia. Juhlassa kuultiin seuran perustavan kokouksen puheenjohtajan Heikki Kosken tervehdys ja lyhennetty kooste muisteluista seuran perustamisvaiheen ajoista Sirkka-Liisa Savisen esitt\u00e4m\u00e4n\u00e4. Kuultiin my\u00f6s seuran kolmannen puheenjohtajan Kirsti Jokisen tervehdys Pirkko Isosaaren esitt\u00e4m\u00e4n\u00e4, seuran toisen puheenjohtajan Airi Alforsin tervehdys, seuran edesmenneen ensimm\u00e4isen puheenjohtajan Reijo Levanderin muistelmia Eira Levanderin kertomana ja viidennen puheenjohtajan Altti Lammin puheenvuoro. Seura p\u00e4\u00e4si nostamaan maljan 50-vuotisjuhlansa kunniaksi ja nauttimaan juhlakahveista.<\/p>\n\n\n\n<blockquote class=\"wp-block-quote\">\n<p>\u201cYst\u00e4vyysseuraty\u00f6 on tosi monipuolista, joskus haasteellistakin, mutta ennen kaikkea rikasta ja antoisaa.\u201d<\/p>\n\n\n\n<p>Kirsti Jokinen, 2022<\/p>\n<\/blockquote>\n<\/div>\n<\/div>\n\n\n\n<p>Pori-Eger Bar\u00e1ts\u00e1g, maailman ensimm\u00e4inen yst\u00e4vyyskaupunkilehti toimitettiin osaston 10-vuotisjuhlan kunniaksi. Toukokuussa 1982 osaston valtuuskunta luovutti lehdet jaettavaksi jokaiseen kotiin Egeriss\u00e4.<\/p>\n\n\n<div class=\"wp-block-image\">\n<figure class=\"aligncenter size-large\"><a href=\"https:\/\/suomiunkari.fi\/osastot\/satakunta\/files\/2026\/03\/kuva10-scaled.jpg\"><img decoding=\"async\" loading=\"lazy\" width=\"723\" height=\"1024\" src=\"https:\/\/suomiunkari.fi\/osastot\/satakunta\/files\/2026\/03\/kuva10-723x1024.jpg\" alt=\"\" class=\"wp-image-470\" srcset=\"https:\/\/suomiunkari.fi\/osastot\/satakunta\/files\/2026\/03\/kuva10-723x1024.jpg 723w, https:\/\/suomiunkari.fi\/osastot\/satakunta\/files\/2026\/03\/kuva10-212x300.jpg 212w, https:\/\/suomiunkari.fi\/osastot\/satakunta\/files\/2026\/03\/kuva10-768x1087.jpg 768w, https:\/\/suomiunkari.fi\/osastot\/satakunta\/files\/2026\/03\/kuva10-1085x1536.jpg 1085w, https:\/\/suomiunkari.fi\/osastot\/satakunta\/files\/2026\/03\/kuva10-1447x2048.jpg 1447w, https:\/\/suomiunkari.fi\/osastot\/satakunta\/files\/2026\/03\/kuva10-scaled.jpg 1808w\" sizes=\"(max-width: 723px) 100vw, 723px\" \/><\/a><\/figure><\/div>\n\n<div class=\"wp-block-image\">\n<figure class=\"aligncenter size-large\"><a href=\"https:\/\/suomiunkari.fi\/osastot\/satakunta\/files\/2026\/03\/kuva11-scaled.jpg\"><img decoding=\"async\" loading=\"lazy\" width=\"723\" height=\"1024\" src=\"https:\/\/suomiunkari.fi\/osastot\/satakunta\/files\/2026\/03\/kuva11-723x1024.jpg\" alt=\"\" class=\"wp-image-471\" srcset=\"https:\/\/suomiunkari.fi\/osastot\/satakunta\/files\/2026\/03\/kuva11-723x1024.jpg 723w, https:\/\/suomiunkari.fi\/osastot\/satakunta\/files\/2026\/03\/kuva11-212x300.jpg 212w, https:\/\/suomiunkari.fi\/osastot\/satakunta\/files\/2026\/03\/kuva11-768x1087.jpg 768w, https:\/\/suomiunkari.fi\/osastot\/satakunta\/files\/2026\/03\/kuva11-1085x1536.jpg 1085w, https:\/\/suomiunkari.fi\/osastot\/satakunta\/files\/2026\/03\/kuva11-1447x2048.jpg 1447w, https:\/\/suomiunkari.fi\/osastot\/satakunta\/files\/2026\/03\/kuva11-scaled.jpg 1808w\" sizes=\"(max-width: 723px) 100vw, 723px\" \/><\/a><\/figure><\/div>","protected":false},"excerpt":{"rendered":"<p>Suomi-Unkari Seuran Satakunnan paikallisosaston perustaminen Valtakunnallinen Suomi-Unkari Seura perustettiin jo vuonna 1950, ja 1970-luvun alussa huomattiin, ett\u00e4 Satakunnassa riitti intoa oman paikallisosaston py\u00f6ritt\u00e4miseen. Sen tarkoituksena on siit\u00e4 alkaen ollut Suomen, erityisesti Satakunnan ja Unkarin v\u00e4listen kulttuurisuhteiden kehitt\u00e4minen, Unkarin tuntemuksen levitt\u00e4minen &hellip; <a href=\"https:\/\/suomiunkari.fi\/osastot\/satakunta\/historia\/\">Lue loppuun <span class=\"meta-nav\">&rarr;<\/span><\/a><\/p>\n","protected":false},"author":6,"featured_media":0,"parent":0,"menu_order":0,"comment_status":"closed","ping_status":"closed","template":"","meta":[],"_links":{"self":[{"href":"https:\/\/suomiunkari.fi\/osastot\/satakunta\/wp-json\/wp\/v2\/pages\/476"}],"collection":[{"href":"https:\/\/suomiunkari.fi\/osastot\/satakunta\/wp-json\/wp\/v2\/pages"}],"about":[{"href":"https:\/\/suomiunkari.fi\/osastot\/satakunta\/wp-json\/wp\/v2\/types\/page"}],"author":[{"embeddable":true,"href":"https:\/\/suomiunkari.fi\/osastot\/satakunta\/wp-json\/wp\/v2\/users\/6"}],"replies":[{"embeddable":true,"href":"https:\/\/suomiunkari.fi\/osastot\/satakunta\/wp-json\/wp\/v2\/comments?post=476"}],"version-history":[{"count":3,"href":"https:\/\/suomiunkari.fi\/osastot\/satakunta\/wp-json\/wp\/v2\/pages\/476\/revisions"}],"predecessor-version":[{"id":479,"href":"https:\/\/suomiunkari.fi\/osastot\/satakunta\/wp-json\/wp\/v2\/pages\/476\/revisions\/479"}],"wp:attachment":[{"href":"https:\/\/suomiunkari.fi\/osastot\/satakunta\/wp-json\/wp\/v2\/media?parent=476"}],"curies":[{"name":"wp","href":"https:\/\/api.w.org\/{rel}","templated":true}]}}