{"id":38,"date":"2008-09-26T20:52:24","date_gmt":"2008-09-26T17:52:24","guid":{"rendered":"http:\/\/suomiunkari.fi\/osastot\/sodankyla\/jasentiedotteet\/"},"modified":"2008-09-26T20:52:24","modified_gmt":"2008-09-26T17:52:24","slug":"jasentiedotteet","status":"publish","type":"page","link":"https:\/\/suomiunkari.fi\/osastot\/sodankyla\/jasentiedotteet\/","title":{"rendered":"J\u00e4sentiedotteet"},"content":{"rendered":"<p><strong>J\u00c4SENTIEDOTE 1\/09<\/strong><\/p>\n<p>3.4.2009<br \/>\nAURINKOISTA KEV\u00c4\u00c4N ALKUA, UNKARIN YST\u00c4V\u00c4T!<\/p>\n<p>Uusi toimintavuosi on py\u00f6r\u00e4ht\u00e4nyt k\u00e4yntiin vuosikokouksen my\u00f6t\u00e4. Kokous pidettiin 27.2. ja l\u00e4sn\u00e4 oli 9 osaston j\u00e4sent\u00e4. Puheenjohtajaksi valittiin Riikka Maijanen. Hallituksen j\u00e4senin\u00e4 jatkavat Merja Leinonen, Tuula Norberg ja Tiia Karhulahti. Erovuoroisten tilalle valittiin Veikko Tepsa, Rauni Salmela, Tuula Niemel\u00e4 ja uutena Reeta Hyttinen.<\/p>\n<p><strong><em>J\u00e4senmaksu<br \/>\n<\/em><\/strong>J\u00e4senmaksut s\u00e4ilyv\u00e4t ennallaan, eli varsinainen j\u00e4senmaksu on 25 \u20ac. Alennettuun j\u00e4senmaksuun oikeutetuille j\u00e4senmaksu on 15 \u20ac, ja yhteis\u00f6j\u00e4senille 50 \u20ac. Voit maksaa j\u00e4senmaksun oheisella tilisiirrolla. Maksaessasi nettipankissa tai laskunmaksuautomaatilla muista mainita viitenumero. J\u00e4senmaksuun sis\u00e4ltyy nelj\u00e4 kertaa vuodessa ilmestyv\u00e4 Suomi-Unkari -lehti.<\/p>\n<p><strong><em>J\u00e4sentietojen p\u00e4ivitys<br \/>\n<\/em><\/strong>Jotta saat toimintaamme koskevan postisi kotiin saakka, muistathan tarvittaessa ilmoittaa meille ajan tasalla olevat yhteystietosi.<\/p>\n<p><strong><em>J\u00e4senilta<\/em><\/strong> Viet\u00e4mme kev\u00e4\u00e4n j\u00e4seniltaa pe 24.4. klo 18 Alan talolla teemalla &#8221;Sodankyl\u00e4 unkarilaisin silmin&#8221;. Kotiunkarilaisemme kutsutaan kertomaan vaikutelmistaan el\u00e4m\u00e4st\u00e4 t\u00e4\u00e4ll\u00e4 pohjan perill\u00e4, ja tietokoneelta on mahdollisuus katsella r\u00e9vf\u00fcl\u00f6pil\u00e4isten yst\u00e4viemme kuvia kev\u00e4\u00e4n 2006 matkalta sek\u00e4 meid\u00e4n kuvaamaamme materiaalia viime syksyn vierailusta.<br \/>\nTuttuun tapaan illan valmistelut alkavat kello 16, jolloin innokkaimmat voivat saapua paikalle auttamaan ruuanlaitossa ja muissa puuhissa. Perimme ateriasta ja juomista 10 \u20ac\/hl\u00f6 illan kulujen kattamiseksi.<br \/>\nIlmoittautumiset Riikalle puh. 040 518 2696 tai riikka.maijanen@pp2.inet.fi ma 20.4. menness\u00e4. Samalla voit esitt\u00e4\u00e4 toivomuksia illan ruokalistan suhteen. Kaikkia toiveita emme voi varmastikaan toteuttaa, mutta ehk\u00e4 juuri sinun rakkain unkarilainen makumuistosi l\u00f6ytyy illan ruokalistalta&#8230;<\/p>\n<p><strong><em>Unkarin matka<\/em><\/strong><br \/>\nT\u00e4n\u00e4 vuonna teemme yst\u00e4vyysmatkan R\u00e9vf\u00fcl\u00f6piin yhteisty\u00f6ss\u00e4 Sodankyl\u00e4n Kisasiskojen kanssa. Matkan ajankohta on 1. &#8211; 8.6. ja teemana on py\u00f6r\u00e4ily. Siskoja on l\u00e4hd\u00f6ss\u00e4 mukaan kahdeksan (heist\u00e4 kaksi my\u00f6s osastomme j\u00e4seni\u00e4). Mukaan sopii viel\u00e4 nelj\u00e4 innokasta py\u00f6r\u00e4ilij\u00e4\u00e4. Ohjelma ei ole viel\u00e4 valmis, mutta unkarilaiset yst\u00e4v\u00e4mme ahertavat sen parissa. Toiveena on esitetty nelj\u00e4\u00e4 py\u00f6r\u00e4ilyp\u00e4iv\u00e4\u00e4 (20 &#8211; 40 km\/pv), vierailua H\u00e9v\u00edzin kylpyl\u00e4ss\u00e4 sek\u00e4 tutustumista Budapestin t\u00e4rkeimpiin n\u00e4ht\u00e4vyyksiin. Tiedossa on varmasti hienoja kokemuksia ja unohtumattomia el\u00e4myksi\u00e4. Matkan tarkka hinta ei ole viel\u00e4 selvill\u00e4, mutta tullee olemaan yhteens\u00e4 600 &#8211; 700 \u20ac (lennot, retket jne.). Jos olet kiinnostunut l\u00e4htem\u00e4\u00e4n mukaan, ota yhteytt\u00e4 Riikkaan mahdollisimman pian.<\/p>\n<p><strong><em>Viinimatka <\/em><\/strong>OK-matkat j\u00e4rjest\u00e4\u00e4 viinimatkan Unkarin kuuluisimmille viinialueille Egeriin ja Tokajiin 27. 9. &#8211; 1.10.2009. Matkan hinta Helsingist\u00e4 on 1085 &#8211; 1150 \u20ac\/hl\u00f6. Lis\u00e4tietoja saa Matkailosta.<\/p>\n<p><strong><em>Kitisen kes\u00e4<\/em><\/strong><br \/>\nKitisen kes\u00e4\u00e4 vietet\u00e4\u00e4n 4. &#8211; 5.7. Toivottavasti t\u00e4n\u00e4 vuonna saamme todellakin nauttia kes\u00e4st\u00e4 &#8211; viime kerralla l\u00e4mmint\u00e4 oli juhlalliset + 5 astetta ja sadetta sek\u00e4 tuulta oli v\u00e4hint\u00e4\u00e4nkin riitt\u00e4v\u00e4sti. Osallistumme la 4.7. kyl\u00e4torille. Myymme ainakin arpoja ja esittelemme toimintaamme. Jos mieleesi tulee hyvi\u00e4 myyntituotteita tai ideoita ty\u00f6n\u00e4yt\u00f6kseksi, laita postia tulemaan.<\/p>\n<p><strong><em>Yst\u00e4vyyskunta<br \/>\n<\/em><\/strong>R\u00e9vf\u00fcl\u00f6pin kunta teki aloitteen virallisesta yst\u00e4vyyskuntasuhteesta viime lokakuussa. Asia etenee pikku hiljaa, mutta p\u00e4\u00e4t\u00f6ksi\u00e4 saamme odotella viel\u00e4 jonkin aikaa. Nyt voimme olla iloisia siit\u00e4, ett\u00e4 kunnan asenne vaikuttaa hyvin my\u00f6nteiselt\u00e4 ja meill\u00e4 on asiasta kiinnostunut henkil\u00f6 kunnanvaltuuston johdossa. Uskomme suurl\u00e4hettil\u00e4s Vil\u00e9ni\u00e4, joka viime kes\u00e4n\u00e4 totesi: &#8221;Kyll\u00e4 t\u00e4st\u00e4 viel\u00e4 hyv\u00e4 avioliitto saadaan aikaiseksi.&#8221;<\/p>\n<p><strong><em>Nuoret yst\u00e4v\u00e4mme<\/em><\/strong><br \/>\n\u00c1gin harjoittelu kunnan kulttuuritoimessa on ohi, mutta h\u00e4n asuu ja ty\u00f6skentelee toistaiseksi viel\u00e4 Sodankyl\u00e4ss\u00e4. Toivottavasti saamme pit\u00e4\u00e4 \u00c1gin t\u00e4\u00e4ll\u00e4 mahdollisimman kauan.<br \/>\nBori palaa takaisin Sz\u00e9kesfeh\u00e9rv\u00e1riin kes\u00e4kuussa, opiskeluvuosi Sodankyl\u00e4n lukiossa on silloin p\u00e4\u00e4ttynyt.<br \/>\nEszter Bedy (ensimm\u00e4inen kummiopiskelijamme) asuu edelleen Belgiassa. H\u00e4n avioitui Jaaninsa kanssa viime toukokuussa, eli on nyt rouva Heyrick.<br \/>\nMarina (Annam\u00e1ria K\u00f3sa) asuu Ranskassa. H\u00e4n on toivottavasti saanut ajokortin, ainakin talvi on mennyt sit\u00e4 varten harjoitellessa.<br \/>\nMuista entisist\u00e4 kummiopiskelijoistamme ei ole hetkeen kuulunut mit\u00e4\u00e4n. Syksyll\u00e4 toivottavasti saamme uuden yst\u00e4v\u00e4n Lapin yliopiston vaihto-opiskelijoista.<\/p>\n<p><strong><em>Rovaniemen seudun osasto 35 v.<br \/>\n<\/em><\/strong>Naapurimme juhlii syyskuussa 35-vuotista toimintaansa. Muistamme heid\u00e4n vuosip\u00e4iv\u00e4\u00e4ns\u00e4, ja osallistumme heid\u00e4n j\u00e4rjest\u00e4miin tapahtumiin. Rovaniemel\u00e4isten juhlaan on tulossa unkarilaisia esiintyji\u00e4. Pyrimme saamaan esiintyj\u00e4t vierailulle my\u00f6s Sodankyl\u00e4\u00e4n.<br \/>\n<strong><em>Vuoden toimtakalenteri<\/em><\/strong><\/p>\n<p>Huhtikuu * 24.4. j\u00e4senilta Alan talossa: unkarilaista ruokaa ja syksyn kuvasatoa<\/p>\n<p>Kes\u00e4kuu * Unkarin matka 1. &#8211; 8.6. yhdess\u00e4 Sodankyl\u00e4n Kisasiskojen kanssa<\/p>\n<p>Hein\u00e4kuu * la 4.7. Kitisen kes\u00e4n Kyl\u00e4tori-tapahtuma<\/p>\n<p>Syyskuu * uusi kummiopiskelija<br \/>\n* SUS Rovaniemen seudun osasto 35 v.<br \/>\n* unkarilainen esiintyj\u00e4ryhm\u00e4 Sodankyl\u00e4ss\u00e4 (?)<\/p>\n<p>Lokakuu * Unkarin kulttuuriviikko kouluilla<\/p>\n<p>Joulukuu * pikkujoulu<br \/>\n* joulumyyj\u00e4iset ja joulumarkkinat<br \/>\nTervetuloa mukaan toimintaan!<\/p>\n<p>T\u00e4st\u00e4 voit ladata j\u00e4sentiedotteen Word-muodossa<a href=\"http:\/\/suomiunkari.fi\/osastot\/sodankyla\/files\/2009\/04\/jasentiedote-109.doc\"><br \/>\nJ\u00e4sentiedote 1\/09<\/a><\/p>\n","protected":false},"excerpt":{"rendered":"<p>J\u00c4SENTIEDOTE 1\/09 3.4.2009 AURINKOISTA KEV\u00c4\u00c4N ALKUA, UNKARIN YST\u00c4V\u00c4T! Uusi toimintavuosi on py\u00f6r\u00e4ht\u00e4nyt k\u00e4yntiin vuosikokouksen my\u00f6t\u00e4. Kokous pidettiin 27.2. ja l\u00e4sn\u00e4 oli 9 osaston j\u00e4sent\u00e4. Puheenjohtajaksi valittiin Riikka Maijanen. Hallituksen j\u00e4senin\u00e4 jatkavat Merja Leinonen, Tuula Norberg ja Tiia Karhulahti. Erovuoroisten tilalle valittiin Veikko Tepsa, Rauni Salmela, Tuula Niemel\u00e4 ja uutena Reeta Hyttinen. J\u00e4senmaksu J\u00e4senmaksut s\u00e4ilyv\u00e4t ennallaan, &hellip;<\/p>\n<p class=\"read-more\"> <a class=\"\" href=\"https:\/\/suomiunkari.fi\/osastot\/sodankyla\/jasentiedotteet\/\"> <span class=\"screen-reader-text\">J\u00e4sentiedotteet<\/span> Lue lis\u00e4\u00e4 &raquo;<\/a><\/p>\n","protected":false},"author":30,"featured_media":0,"parent":0,"menu_order":1,"comment_status":"open","ping_status":"open","template":"","meta":{"site-sidebar-layout":"default","site-content-layout":"default","ast-global-header-display":"","ast-main-header-display":"","ast-hfb-above-header-display":"","ast-hfb-below-header-display":"","ast-hfb-mobile-header-display":"","site-post-title":"","ast-breadcrumbs-content":"","ast-featured-img":"","footer-sml-layout":"","theme-transparent-header-meta":"","adv-header-id-meta":"","stick-header-meta":"","header-above-stick-meta":"","header-main-stick-meta":"","header-below-stick-meta":""},"_links":{"self":[{"href":"https:\/\/suomiunkari.fi\/osastot\/sodankyla\/wp-json\/wp\/v2\/pages\/38"}],"collection":[{"href":"https:\/\/suomiunkari.fi\/osastot\/sodankyla\/wp-json\/wp\/v2\/pages"}],"about":[{"href":"https:\/\/suomiunkari.fi\/osastot\/sodankyla\/wp-json\/wp\/v2\/types\/page"}],"author":[{"embeddable":true,"href":"https:\/\/suomiunkari.fi\/osastot\/sodankyla\/wp-json\/wp\/v2\/users\/30"}],"replies":[{"embeddable":true,"href":"https:\/\/suomiunkari.fi\/osastot\/sodankyla\/wp-json\/wp\/v2\/comments?post=38"}],"version-history":[{"count":0,"href":"https:\/\/suomiunkari.fi\/osastot\/sodankyla\/wp-json\/wp\/v2\/pages\/38\/revisions"}],"wp:attachment":[{"href":"https:\/\/suomiunkari.fi\/osastot\/sodankyla\/wp-json\/wp\/v2\/media?parent=38"}],"curies":[{"name":"wp","href":"https:\/\/api.w.org\/{rel}","templated":true}]}}