{"id":315,"date":"2012-04-05T10:52:19","date_gmt":"2012-04-05T10:52:19","guid":{"rendered":"http:\/\/suomiunkari.fi\/osastot\/tampere\/?page_id=315"},"modified":"2023-09-27T17:36:53","modified_gmt":"2023-09-27T17:36:53","slug":"miskolc-2","status":"publish","type":"page","link":"https:\/\/suomiunkari.fi\/osastot\/tampere\/miskolc-2\/","title":{"rendered":"Miskolc"},"content":{"rendered":"<p>Miskolc on Koillis-Unkarin keskus ja Borsod-Aba\u00faj-Zempl\u00e9nin l\u00e4\u00e4nin p\u00e4\u00e4kaupunki, vanha kauppa- ja teollisuuskaupunki, joka on ollut tunnettu elintarviketeollisuudestaan ja erityisesti 1900-luvulla metalli- ja koneteollisuudestaan. Miskolcin\u00a0 <a href=\"http:\/\/www.uni-miskolc.hu\/public\/\">yliopistokin<\/a> oli aloittaessaan toimintansa 1940-luvun lopulla nimenomaan &#8221;raskaan teollisuuden yliopisto&#8221;. Kaupungin kasvuun vaikuttivat my\u00f6s alueliitokset, mm. paperi- ja ter\u00e4steollisuudestaan tunnettu Di\u00f3sgy\u0151r liitettiin 1945 Miskolciin ja asukasluku ohitti 1980-luvun alussa 200.000. Taloudellisen taantuman ja muuttoliikkeen seurauksena asukasluku v. 2010 oli noin 175.000.<\/p>\n<p>Miskolcin kaupungin unkarinkielisilt\u00e4 <a href=\"http:\/\/miskolc.hu\/\">sivuilta<\/a> saat lis\u00e4tietoja kuten my\u00f6s oheisesta linkist\u00e4, joka tarjoaa perustietoja Miskolcista, <a href=\"http:\/\/suomiunkari.fi\/osastot\/tampere\/miskolc-ja-unkari\/miskolc-2\/miskolc-koillis-unkarin-keskus\/\">Koillis-Unkarin keskuksesta<\/a>.<\/p>\n","protected":false},"excerpt":{"rendered":"<p>Miskolc on Koillis-Unkarin keskus ja Borsod-Aba\u00faj-Zempl\u00e9nin l\u00e4\u00e4nin p\u00e4\u00e4kaupunki, vanha kauppa- ja teollisuuskaupunki, joka on ollut tunnettu elintarviketeollisuudestaan ja erityisesti 1900-luvulla metalli- ja koneteollisuudestaan. Miskolcin\u00a0 yliopistokin oli aloittaessaan toimintansa 1940-luvun lopulla nimenomaan &#8221;raskaan teollisuuden yliopisto&#8221;. Kaupungin kasvuun vaikuttivat my\u00f6s alueliitokset, mm. &hellip; <a href=\"https:\/\/suomiunkari.fi\/osastot\/tampere\/miskolc-2\/\">Lue loppuun <span class=\"meta-nav\">&rarr;<\/span><\/a><\/p>\n","protected":false},"author":5,"featured_media":0,"parent":0,"menu_order":0,"comment_status":"closed","ping_status":"open","template":"","meta":{"_monsterinsights_skip_tracking":false,"_monsterinsights_sitenote_active":false,"_monsterinsights_sitenote_note":"","_monsterinsights_sitenote_category":0},"_links":{"self":[{"href":"https:\/\/suomiunkari.fi\/osastot\/tampere\/wp-json\/wp\/v2\/pages\/315"}],"collection":[{"href":"https:\/\/suomiunkari.fi\/osastot\/tampere\/wp-json\/wp\/v2\/pages"}],"about":[{"href":"https:\/\/suomiunkari.fi\/osastot\/tampere\/wp-json\/wp\/v2\/types\/page"}],"author":[{"embeddable":true,"href":"https:\/\/suomiunkari.fi\/osastot\/tampere\/wp-json\/wp\/v2\/users\/5"}],"replies":[{"embeddable":true,"href":"https:\/\/suomiunkari.fi\/osastot\/tampere\/wp-json\/wp\/v2\/comments?post=315"}],"version-history":[{"count":11,"href":"https:\/\/suomiunkari.fi\/osastot\/tampere\/wp-json\/wp\/v2\/pages\/315\/revisions"}],"predecessor-version":[{"id":4350,"href":"https:\/\/suomiunkari.fi\/osastot\/tampere\/wp-json\/wp\/v2\/pages\/315\/revisions\/4350"}],"wp:attachment":[{"href":"https:\/\/suomiunkari.fi\/osastot\/tampere\/wp-json\/wp\/v2\/media?parent=315"}],"curies":[{"name":"wp","href":"https:\/\/api.w.org\/{rel}","templated":true}]}}